of 89809?
89809
What are the prime factors of 343925?
5, 13757
What are the prime factors of 42295?
5, 11, 769
List the prime factors of 167686.
2, 83843
What are the prime factors of 7076719?
13, 53, 10271
What are the prime factors of 19183126?
2, 83, 115561
What are the prime factors of 354428?
2, 88607
What are the prime factors of 11283878?
2, 5641939
What are the prime factors of 4462466?
2, 17, 131249
List the prime factors of 537039.
3, 59671
List the prime factors of 2190862.
2, 613, 1787
List the prime factors of 638317.
638317
What are the prime factors of 89130?
2, 3, 5, 2971
What are the prime factors of 10478035?
5, 17, 131, 941
List the prime factors of 3503114.
2, 1751557
What are the prime factors of 1665912?
2, 3, 41, 1693
List the prime factors of 10191212.
2, 89, 28627
List the prime factors of 3948732.
2, 3, 19, 23, 251
What are the prime factors of 2746506?
2, 3, 7, 65393
List the prime factors of 14084315.
5, 7, 57487
What are the prime factors of 158913?
3, 17657
What are the prime factors of 779333?
479, 1627
What are the prime factors of 2359055?
5, 271, 1741
What are the prime factors of 5254769?
13, 404213
List the prime factors of 3895371.
3, 48091
What are the prime factors of 2531624?
2, 316453
List the prime factors of 6260201.
29, 53, 4073
What are the prime factors of 2309243?
41, 151, 373
List the prime factors of 21040764.
2, 3, 17, 103141
What are the prime factors of 124285?
5, 7, 53, 67
What are the prime factors of 2797560?
2, 3, 5, 19, 409
List the prime factors of 92886.
2, 3, 113, 137
List the prime factors of 29991568.
2, 29, 109, 593
List the prime factors of 465445.
5, 93089
List the prime factors of 27947287.
2837, 9851
List the prime factors of 354754.
2, 89, 1993
What are the prime factors of 762833?
353, 2161
What are the prime factors of 3604425?
3, 5, 11, 17, 257
What are the prime factors of 1005401?
29, 37, 937
List the prime factors of 506144.
2, 15817
What are the prime factors of 2234321?
53, 42157
List the prime factors of 760702.
2, 23, 719
List the prime factors of 13081.
103, 127
What are the prime factors of 7691059?
7691059
List the prime factors of 22960281.
3, 7653427
List the prime factors of 8917395.
3, 5, 113, 5261
List the prime factors of 1739728.
2, 227, 479
List the prime factors of 23177846.
2, 67, 172969
What are the prime factors of 24837?
3, 17, 487
List the prime factors of 1871168.
2, 13, 173
List the prime factors of 555750.
2, 3, 5, 13, 19
List the prime factors of 864142.
2, 29, 47, 317
What are the prime factors of 226465?
5, 45293
List the prime factors of 227607.
3, 75869
What are the prime factors of 186438?
2, 3, 7, 23, 193
List the prime factors of 3063925.
5, 122557
List the prime factors of 179045.
5, 35809
List the prime factors of 4122436.
2, 491, 2099
List the prime factors of 19820.
2, 5, 991
List the prime factors of 606025.
5, 7, 3463
List the prime factors of 273004.
2, 131, 521
List the prime factors of 5261396.
2, 7, 187907
List the prime factors of 4948005.
3, 5, 329867
What are the prime factors of 155319?
3, 23, 2251
What are the prime factors of 517348?
2, 13, 9949
What are the prime factors of 17945455?
5, 11, 17, 1129
List the prime factors of 122053.
122053
List the prime factors of 18390121.
317, 58013
What are the prime factors of 106739?
106739
What are the prime factors of 38328109?
5669, 6761
What are the prime factors of 1738593?
3, 23, 37, 227
What are the prime factors of 1317513?
3, 439171
List the prime factors of 367267.
281, 1307
What are the prime factors of 7747749?
3, 860861
What are the prime factors of 743113?
7, 53, 2003
What are the prime factors of 41236944?
2, 3, 7, 31, 37, 107
What are the prime factors of 23113569?
3, 31, 248533
List the prime factors of 45173.
199, 227
What are the prime factors of 90791?
163, 557
What are the prime factors of 1584249?
3, 43, 12281
List the prime factors of 273826.
2, 7, 19559
List the prime factors of 216350.
2, 5, 4327
What are the prime factors of 1228447?
11, 181, 617
List the prime factors of 191765.
5, 7, 5479
List the prime factors of 2145652.
2, 29, 53, 349
What are the prime factors of 28054?
2, 13, 83
List the prime factors of 125392.
2, 17, 461
List the prime factors of 27849714.
2, 3, 239, 19421
What are the prime factors of 208050?
2, 3, 5, 19, 73
What are the prime factors of 3726228?
2, 3, 11, 28229
List the prime factors of 27877.
61, 457
List the prime factors of 217555.
5, 13, 3347
What are the prime factors of 2357686?
2, 1178843
What are the prime factors of 512226?
2, 3, 11, 13, 199
List the prime factors of 1447970.
2, 5, 29, 4993
What are the prime factors of 163063?
163063
List the prime factors of 3783641.
19, 47, 223
List the prime factors of 507844.
2, 126961
What are the prime factors of 331914?
2, 3, 11, 47, 107
List the prime factors of 1116563.
7, 22787
List the prime factors of 176494.
2, 17, 29, 179
What are the prime factors of 181974?
2, 3, 13, 2333
What are the prime factors of 2474?
2, 1237
List the prime factors of 110163.
3, 36721
What are the prime factors of 12033?
3, 7, 191
What are the prime factors of 104396?
2, 26099
What are the prime factors of 2121812?
2, 7, 11, 83
List the prime factors of 177236.
2, 59, 751
List the prime factors of 155924.
2, 17, 2293
What are the prime factors of 3792012?
2, 3, 7, 6449
What are the prime factors of 12318833?
2089, 5897
What are the prime factors of 90088?
2, 11261
List the prime factors of 186376.
2, 23297
What are the prime factors of 112320?
2, 3, 5, 13
What are the prime factors of 585962?
2, 13, 31, 727
What are the prime factors of 5161265?
5, 577, 1789
List the prime factors of 17941677.
3, 13, 521, 883
List the prime factors of 13139397.
3, 1459933
List the prime factors of 21378.
2, 3, 7, 509
List the prime factors of 2087493.
3, 433, 1607
What are the prime factors of 435175?
5, 13, 103
List the prime factors of 24091484.
2, 1667, 3613
List the prime factors of 1463761.
13, 109, 1033
What are the prime factors of 1050289?
89, 11801
List the prime factors of 164720.
2, 5, 29, 71
List the prime factors of 700366.
2, 17, 20599
What are the prime factors of 181157?
181157
List the prime factors of 37567893.
3, 11, 577, 1973
What are the prime factors of 825591?
3, 13, 21169
What are the prime factors of 3317844?
2, 3, 276487
What are the prime factors of 3432615?
3, 5, 228841
List the prime factors of 563156.
2, 11, 12799
List the prime factors of 2971356.
2, 3, 247613
What are the prime factors of 782979?
3, 359, 727
List the prime factors of 154073.
154073
List the prime factors of 3294031.
13, 253387
What are the prime factors of 19181293?
1621, 11833
What are the prime factors of 5957917?
7, 851131
What are the prime factors of 780486?
2, 3, 7, 18583
List the prime factors of 9784912.
2, 611557
List the prime factors of 10419102.
2, 3, 578839
What are the prime factors of 10720377?
3, 397051
List the prime factors of 14459.
19, 761
List the prime factors of 144178.
2, 72089
List the prime factors of 60827.
13, 4679
List the prime factors of 3617151.
3, 1205717
List the prime factors of 144608.
2, 4519
List the prime factors of 130250.
2, 5, 521
What are the prime factors of 5225788?
2, 1306447
List the prime factors of 4261193.
4261193
List the prime factors of 669344.
2, 13, 1609
What are the prime factors of 28447275?
3, 5, 19, 19963
What are the prime factors of 5388223?
821, 6563
What are the prime factors of 1730713?
1730713
List the prime factors of 44314992.
2, 3, 19, 5399
What are the prime factors of 7871?
17, 463
List the prime factors of 29748.
2, 3, 37, 67
List the prime factors of 1013851.
1013851
List the prime factors of 1112511.
3, 370837
List the prime factors of 4851455.
5, 7, 97, 1429
List the prime factors of 16646697.
3, 41, 197, 229
What are the prime factors of 1994811?
3, 7, 13, 7307
What are the prime factors of 272889?
3, 1123
What are the prime factors of 3057323?
3057323
What are the prime factors of 180158?
2, 11, 19, 431
List the prime factors of 1667120.
2, 5, 7, 13, 229
List the prime factors of 2913757.
7, 11, 79, 479
List the prime factors of 16359001.
89, 183809
List the prime factors of 438026.
2, 19, 11527
List the prime factors of 4558395.
3, 5, 31